{"id":1495,"date":"2019-06-02T22:08:21","date_gmt":"2019-06-02T20:08:21","guid":{"rendered":"https:\/\/www.menimepriestor.sk\/?page_id=1495"},"modified":"2019-06-27T17:32:53","modified_gmt":"2019-06-27T15:32:53","slug":"acoustic-walls-and-partitions","status":"publish","type":"page","link":"https:\/\/www.menimepriestor.sk\/en\/acoustic-walls-and-partitions\/","title":{"rendered":"Acoustic walls and partitions"},"content":{"rendered":"\n<p>Just\nas with acoustic ceilings, so with acoustic walls, the acoustics\nplays a major role. While sound absorption prevails at the ceilings,\nair sound insulation is more significant at walls \/ partitions.<\/p>\n\n\n\n<!--more-->\n\n\n\n<p>This is very often perceived negatively either in neighborhood\nrelations or in office buildings, where it disturbs the privacy and\nconfidentiality of its own environment. We can realize partitions and\nwalls of various acoustic requirements and parameters by using\nsuitable materials.<\/p>\n\n\n\n<p>So we combine not only the requirements for acoustic absorption\nand sound insulation, but also the original design and various forms\nof lighting. For the most demanding customers we offer and also\nspecial solutions such as <strong>acoustic chilled ceilings.<\/strong> We offer\nthem not only with a wide selection of admitted perforations, but\nalso as hidden monolithic ceilings without visible construction or\nacoustic perforation.<\/p>\n","protected":false},"excerpt":{"rendered":"<p>Just as with acoustic ceilings, so with acoustic walls, the acoustics plays a major role. While sound absorption prevails at the ceilings, air sound insulation is more significant at walls \/ partitions.<\/p>\n","protected":false},"author":1,"featured_media":1886,"parent":0,"menu_order":3,"comment_status":"closed","ping_status":"closed","template":"","meta":{"_editorskit_title_hidden":false,"_editorskit_reading_time":0,"_editorskit_is_block_options_detached":false,"_editorskit_block_options_position":"{}","footnotes":""},"class_list":["post-1495","page","type-page","status-publish","has-post-thumbnail","hentry"],"yoast_head":"<!-- This site is optimized with the Yoast SEO plugin v27.2 - https:\/\/yoast.com\/product\/yoast-seo-wordpress\/ -->\n<title>Acoustic walls and partitions &#8212; DryCon<\/title>\n<meta name=\"robots\" content=\"index, follow, max-snippet:-1, max-image-preview:large, max-video-preview:-1\" \/>\n<link rel=\"canonical\" href=\"https:\/\/www.menimepriestor.sk\/en\/acoustic-walls-and-partitions\/\" \/>\n<meta property=\"og:locale\" content=\"en_US\" \/>\n<meta property=\"og:type\" content=\"article\" \/>\n<meta property=\"og:title\" content=\"Acoustic walls and partitions &#8212; DryCon\" \/>\n<meta property=\"og:description\" content=\"Just as with acoustic ceilings, so with acoustic walls, the acoustics plays a major role. While sound absorption prevails at the ceilings, air sound insulation is more significant at walls \/ partitions.\" \/>\n<meta property=\"og:url\" content=\"https:\/\/www.menimepriestor.sk\/en\/acoustic-walls-and-partitions\/\" \/>\n<meta property=\"og:site_name\" content=\"DryCon\" \/>\n<meta property=\"article:publisher\" content=\"https:\/\/www.facebook.com\/menimepriestor.sk\" \/>\n<meta property=\"article:modified_time\" content=\"2019-06-27T15:32:53+00:00\" \/>\n<meta property=\"og:image\" content=\"https:\/\/www.menimepriestor.sk\/wp-content\/uploads\/2019\/06\/Menimepriestor_Akusticke_Steny-5.jpg\" \/>\n\t<meta property=\"og:image:width\" content=\"1920\" \/>\n\t<meta property=\"og:image:height\" content=\"1281\" \/>\n\t<meta property=\"og:image:type\" content=\"image\/jpeg\" \/>\n<meta name=\"twitter:card\" content=\"summary_large_image\" \/>\n<meta name=\"twitter:label1\" content=\"Est. reading time\" \/>\n\t<meta name=\"twitter:data1\" content=\"1 minute\" \/>\n<script type=\"application\/ld+json\" class=\"yoast-schema-graph\">{\"@context\":\"https:\/\/schema.org\",\"@graph\":[{\"@type\":\"WebPage\",\"@id\":\"https:\/\/www.menimepriestor.sk\/en\/acoustic-walls-and-partitions\/\",\"url\":\"https:\/\/www.menimepriestor.sk\/en\/acoustic-walls-and-partitions\/\",\"name\":\"Acoustic walls and partitions &#8212; DryCon\",\"isPartOf\":{\"@id\":\"https:\/\/www.menimepriestor.sk\/en\/#website\"},\"primaryImageOfPage\":{\"@id\":\"https:\/\/www.menimepriestor.sk\/en\/acoustic-walls-and-partitions\/#primaryimage\"},\"image\":{\"@id\":\"https:\/\/www.menimepriestor.sk\/en\/acoustic-walls-and-partitions\/#primaryimage\"},\"thumbnailUrl\":\"https:\/\/www.menimepriestor.sk\/wp-content\/uploads\/2019\/06\/Menimepriestor_Akusticke_Steny-5.jpg\",\"datePublished\":\"2019-06-02T20:08:21+00:00\",\"dateModified\":\"2019-06-27T15:32:53+00:00\",\"breadcrumb\":{\"@id\":\"https:\/\/www.menimepriestor.sk\/en\/acoustic-walls-and-partitions\/#breadcrumb\"},\"inLanguage\":\"en-US\",\"potentialAction\":[{\"@type\":\"ReadAction\",\"target\":[\"https:\/\/www.menimepriestor.sk\/en\/acoustic-walls-and-partitions\/\"]}]},{\"@type\":\"ImageObject\",\"inLanguage\":\"en-US\",\"@id\":\"https:\/\/www.menimepriestor.sk\/en\/acoustic-walls-and-partitions\/#primaryimage\",\"url\":\"https:\/\/www.menimepriestor.sk\/wp-content\/uploads\/2019\/06\/Menimepriestor_Akusticke_Steny-5.jpg\",\"contentUrl\":\"https:\/\/www.menimepriestor.sk\/wp-content\/uploads\/2019\/06\/Menimepriestor_Akusticke_Steny-5.jpg\",\"width\":1600,\"height\":1068},{\"@type\":\"BreadcrumbList\",\"@id\":\"https:\/\/www.menimepriestor.sk\/en\/acoustic-walls-and-partitions\/#breadcrumb\",\"itemListElement\":[{\"@type\":\"ListItem\",\"position\":1,\"name\":\"Home\",\"item\":\"https:\/\/www.menimepriestor.sk\/en\/\"},{\"@type\":\"ListItem\",\"position\":2,\"name\":\"Acoustic walls and partitions\"}]},{\"@type\":\"WebSite\",\"@id\":\"https:\/\/www.menimepriestor.sk\/en\/#website\",\"url\":\"https:\/\/www.menimepriestor.sk\/en\/\",\"name\":\"DryCon\",\"description\":\"Men\u00edme priestor na komfortn\u00fd interi\u00e9r\",\"publisher\":{\"@id\":\"https:\/\/www.menimepriestor.sk\/en\/#organization\"},\"potentialAction\":[{\"@type\":\"SearchAction\",\"target\":{\"@type\":\"EntryPoint\",\"urlTemplate\":\"https:\/\/www.menimepriestor.sk\/en\/?s={search_term_string}\"},\"query-input\":{\"@type\":\"PropertyValueSpecification\",\"valueRequired\":true,\"valueName\":\"search_term_string\"}}],\"inLanguage\":\"en-US\"},{\"@type\":\"Organization\",\"@id\":\"https:\/\/www.menimepriestor.sk\/en\/#organization\",\"name\":\"DryCon, s.r.o.\",\"url\":\"https:\/\/www.menimepriestor.sk\/en\/\",\"logo\":{\"@type\":\"ImageObject\",\"inLanguage\":\"en-US\",\"@id\":\"https:\/\/www.menimepriestor.sk\/en\/#\/schema\/logo\/image\/\",\"url\":\"https:\/\/www.menimepriestor.sk\/wp-content\/uploads\/2019\/06\/logo.png\",\"contentUrl\":\"https:\/\/www.menimepriestor.sk\/wp-content\/uploads\/2019\/06\/logo.png\",\"width\":572,\"height\":172,\"caption\":\"DryCon, s.r.o.\"},\"image\":{\"@id\":\"https:\/\/www.menimepriestor.sk\/en\/#\/schema\/logo\/image\/\"},\"sameAs\":[\"https:\/\/www.facebook.com\/menimepriestor.sk\",\"https:\/\/www.instagram.com\/menimepriestor\/\"]}]}<\/script>\n<!-- \/ Yoast SEO plugin. -->","yoast_head_json":{"title":"Acoustic walls and partitions &#8212; DryCon","robots":{"index":"index","follow":"follow","max-snippet":"max-snippet:-1","max-image-preview":"max-image-preview:large","max-video-preview":"max-video-preview:-1"},"canonical":"https:\/\/www.menimepriestor.sk\/en\/acoustic-walls-and-partitions\/","og_locale":"en_US","og_type":"article","og_title":"Acoustic walls and partitions &#8212; DryCon","og_description":"Just as with acoustic ceilings, so with acoustic walls, the acoustics plays a major role. While sound absorption prevails at the ceilings, air sound insulation is more significant at walls \/ partitions.","og_url":"https:\/\/www.menimepriestor.sk\/en\/acoustic-walls-and-partitions\/","og_site_name":"DryCon","article_publisher":"https:\/\/www.facebook.com\/menimepriestor.sk","article_modified_time":"2019-06-27T15:32:53+00:00","og_image":[{"width":1920,"height":1281,"url":"https:\/\/www.menimepriestor.sk\/wp-content\/uploads\/2019\/06\/Menimepriestor_Akusticke_Steny-5.jpg","type":"image\/jpeg"}],"twitter_card":"summary_large_image","twitter_misc":{"Est. reading time":"1 minute"},"schema":{"@context":"https:\/\/schema.org","@graph":[{"@type":"WebPage","@id":"https:\/\/www.menimepriestor.sk\/en\/acoustic-walls-and-partitions\/","url":"https:\/\/www.menimepriestor.sk\/en\/acoustic-walls-and-partitions\/","name":"Acoustic walls and partitions &#8212; DryCon","isPartOf":{"@id":"https:\/\/www.menimepriestor.sk\/en\/#website"},"primaryImageOfPage":{"@id":"https:\/\/www.menimepriestor.sk\/en\/acoustic-walls-and-partitions\/#primaryimage"},"image":{"@id":"https:\/\/www.menimepriestor.sk\/en\/acoustic-walls-and-partitions\/#primaryimage"},"thumbnailUrl":"https:\/\/www.menimepriestor.sk\/wp-content\/uploads\/2019\/06\/Menimepriestor_Akusticke_Steny-5.jpg","datePublished":"2019-06-02T20:08:21+00:00","dateModified":"2019-06-27T15:32:53+00:00","breadcrumb":{"@id":"https:\/\/www.menimepriestor.sk\/en\/acoustic-walls-and-partitions\/#breadcrumb"},"inLanguage":"en-US","potentialAction":[{"@type":"ReadAction","target":["https:\/\/www.menimepriestor.sk\/en\/acoustic-walls-and-partitions\/"]}]},{"@type":"ImageObject","inLanguage":"en-US","@id":"https:\/\/www.menimepriestor.sk\/en\/acoustic-walls-and-partitions\/#primaryimage","url":"https:\/\/www.menimepriestor.sk\/wp-content\/uploads\/2019\/06\/Menimepriestor_Akusticke_Steny-5.jpg","contentUrl":"https:\/\/www.menimepriestor.sk\/wp-content\/uploads\/2019\/06\/Menimepriestor_Akusticke_Steny-5.jpg","width":1600,"height":1068},{"@type":"BreadcrumbList","@id":"https:\/\/www.menimepriestor.sk\/en\/acoustic-walls-and-partitions\/#breadcrumb","itemListElement":[{"@type":"ListItem","position":1,"name":"Home","item":"https:\/\/www.menimepriestor.sk\/en\/"},{"@type":"ListItem","position":2,"name":"Acoustic walls and partitions"}]},{"@type":"WebSite","@id":"https:\/\/www.menimepriestor.sk\/en\/#website","url":"https:\/\/www.menimepriestor.sk\/en\/","name":"DryCon","description":"Men\u00edme priestor na komfortn\u00fd interi\u00e9r","publisher":{"@id":"https:\/\/www.menimepriestor.sk\/en\/#organization"},"potentialAction":[{"@type":"SearchAction","target":{"@type":"EntryPoint","urlTemplate":"https:\/\/www.menimepriestor.sk\/en\/?s={search_term_string}"},"query-input":{"@type":"PropertyValueSpecification","valueRequired":true,"valueName":"search_term_string"}}],"inLanguage":"en-US"},{"@type":"Organization","@id":"https:\/\/www.menimepriestor.sk\/en\/#organization","name":"DryCon, s.r.o.","url":"https:\/\/www.menimepriestor.sk\/en\/","logo":{"@type":"ImageObject","inLanguage":"en-US","@id":"https:\/\/www.menimepriestor.sk\/en\/#\/schema\/logo\/image\/","url":"https:\/\/www.menimepriestor.sk\/wp-content\/uploads\/2019\/06\/logo.png","contentUrl":"https:\/\/www.menimepriestor.sk\/wp-content\/uploads\/2019\/06\/logo.png","width":572,"height":172,"caption":"DryCon, s.r.o."},"image":{"@id":"https:\/\/www.menimepriestor.sk\/en\/#\/schema\/logo\/image\/"},"sameAs":["https:\/\/www.facebook.com\/menimepriestor.sk","https:\/\/www.instagram.com\/menimepriestor\/"]}]}},"wpmagazine_modules_lite_featured_media_urls":{"thumbnail":["https:\/\/www.menimepriestor.sk\/wp-content\/uploads\/2019\/06\/Menimepriestor_Akusticke_Steny-5-150x150.jpg",150,150,true],"cvmm-medium":["https:\/\/www.menimepriestor.sk\/wp-content\/uploads\/2019\/06\/Menimepriestor_Akusticke_Steny-5.jpg",300,200,false],"cvmm-medium-plus":["https:\/\/www.menimepriestor.sk\/wp-content\/uploads\/2019\/06\/Menimepriestor_Akusticke_Steny-5.jpg",305,204,false],"cvmm-portrait":["https:\/\/www.menimepriestor.sk\/wp-content\/uploads\/2019\/06\/Menimepriestor_Akusticke_Steny-5.jpg",400,267,false],"cvmm-medium-square":["https:\/\/www.menimepriestor.sk\/wp-content\/uploads\/2019\/06\/Menimepriestor_Akusticke_Steny-5.jpg",600,401,false],"cvmm-large":["https:\/\/www.menimepriestor.sk\/wp-content\/uploads\/2019\/06\/Menimepriestor_Akusticke_Steny-5.jpg",1024,684,false],"cvmm-small":["https:\/\/www.menimepriestor.sk\/wp-content\/uploads\/2019\/06\/Menimepriestor_Akusticke_Steny-5.jpg",130,87,false],"full":["https:\/\/www.menimepriestor.sk\/wp-content\/uploads\/2019\/06\/Menimepriestor_Akusticke_Steny-5.jpg",1600,1068,false]},"categories_names":null,"comments_number":"0","_links":{"self":[{"href":"https:\/\/www.menimepriestor.sk\/en\/wp-json\/wp\/v2\/pages\/1495","targetHints":{"allow":["GET"]}}],"collection":[{"href":"https:\/\/www.menimepriestor.sk\/en\/wp-json\/wp\/v2\/pages"}],"about":[{"href":"https:\/\/www.menimepriestor.sk\/en\/wp-json\/wp\/v2\/types\/page"}],"author":[{"embeddable":true,"href":"https:\/\/www.menimepriestor.sk\/en\/wp-json\/wp\/v2\/users\/1"}],"replies":[{"embeddable":true,"href":"https:\/\/www.menimepriestor.sk\/en\/wp-json\/wp\/v2\/comments?post=1495"}],"version-history":[{"count":0,"href":"https:\/\/www.menimepriestor.sk\/en\/wp-json\/wp\/v2\/pages\/1495\/revisions"}],"wp:featuredmedia":[{"embeddable":true,"href":"https:\/\/www.menimepriestor.sk\/en\/wp-json\/wp\/v2\/media\/1886"}],"wp:attachment":[{"href":"https:\/\/www.menimepriestor.sk\/en\/wp-json\/wp\/v2\/media?parent=1495"}],"curies":[{"name":"wp","href":"https:\/\/api.w.org\/{rel}","templated":true}]}}

<!-- This site is optimized with the Yoast SEO plugin v27.2 - https://yoast.com/product/yoast-seo-wordpress/ -->
<title>Acoustic walls and partitions &#8212; DryCon</title>
<meta name="robots" content="index, follow, max-snippet:-1, max-image-preview:large, max-video-preview:-1" />
<link rel="canonical" href="https://www.menimepriestor.sk/en/acoustic-walls-and-partitions/" />
<meta property="og:locale" content="en_US" />
<meta property="og:type" content="article" />
<meta property="og:title" content="Acoustic walls and partitions &#8212; DryCon" />
<meta property="og:description" content="Just as with acoustic ceilings, so with acoustic walls, the acoustics plays a major role. While sound absorption prevails at the ceilings, air sound insulation is more significant at walls / partitions." />
<meta property="og:url" content="https://www.menimepriestor.sk/en/acoustic-walls-and-partitions/" />
<meta property="og:site_name" content="DryCon" />
<meta property="article:publisher" content="https://www.facebook.com/menimepriestor.sk" />
<meta property="article:modified_time" content="2019-06-27T15:32:53+00:00" />
<meta property="og:image" content="https://www.menimepriestor.sk/wp-content/uploads/2019/06/Menimepriestor_Akusticke_Steny-5.jpg" />
	<meta property="og:image:width" content="1920" />
	<meta property="og:image:height" content="1281" />
	<meta property="og:image:type" content="image/jpeg" />
<meta name="twitter:card" content="summary_large_image" />
<meta name="twitter:label1" content="Est. reading time" />
	<meta name="twitter:data1" content="1 minute" />
<script type="application/ld+json" class="yoast-schema-graph">{"@context":"https://schema.org","@graph":[{"@type":"WebPage","@id":"https://www.menimepriestor.sk/en/acoustic-walls-and-partitions/","url":"https://www.menimepriestor.sk/en/acoustic-walls-and-partitions/","name":"Acoustic walls and partitions &#8212; DryCon","isPartOf":{"@id":"https://www.menimepriestor.sk/en/#website"},"primaryImageOfPage":{"@id":"https://www.menimepriestor.sk/en/acoustic-walls-and-partitions/#primaryimage"},"image":{"@id":"https://www.menimepriestor.sk/en/acoustic-walls-and-partitions/#primaryimage"},"thumbnailUrl":"https://www.menimepriestor.sk/wp-content/uploads/2019/06/Menimepriestor_Akusticke_Steny-5.jpg","datePublished":"2019-06-02T20:08:21+00:00","dateModified":"2019-06-27T15:32:53+00:00","breadcrumb":{"@id":"https://www.menimepriestor.sk/en/acoustic-walls-and-partitions/#breadcrumb"},"inLanguage":"en-US","potentialAction":[{"@type":"ReadAction","target":["https://www.menimepriestor.sk/en/acoustic-walls-and-partitions/"]}]},{"@type":"ImageObject","inLanguage":"en-US","@id":"https://www.menimepriestor.sk/en/acoustic-walls-and-partitions/#primaryimage","url":"https://www.menimepriestor.sk/wp-content/uploads/2019/06/Menimepriestor_Akusticke_Steny-5.jpg","contentUrl":"https://www.menimepriestor.sk/wp-content/uploads/2019/06/Menimepriestor_Akusticke_Steny-5.jpg","width":1600,"height":1068},{"@type":"BreadcrumbList","@id":"https://www.menimepriestor.sk/en/acoustic-walls-and-partitions/#breadcrumb","itemListElement":[{"@type":"ListItem","position":1,"name":"Home","item":"https://www.menimepriestor.sk/en/"},{"@type":"ListItem","position":2,"name":"Acoustic walls and partitions"}]},{"@type":"WebSite","@id":"https://www.menimepriestor.sk/en/#website","url":"https://www.menimepriestor.sk/en/","name":"DryCon","description":"Meníme priestor na komfortný interiér","publisher":{"@id":"https://www.menimepriestor.sk/en/#organization"},"potentialAction":[{"@type":"SearchAction","target":{"@type":"EntryPoint","urlTemplate":"https://www.menimepriestor.sk/en/?s={search_term_string}"},"query-input":{"@type":"PropertyValueSpecification","valueRequired":true,"valueName":"search_term_string"}}],"inLanguage":"en-US"},{"@type":"Organization","@id":"https://www.menimepriestor.sk/en/#organization","name":"DryCon, s.r.o.","url":"https://www.menimepriestor.sk/en/","logo":{"@type":"ImageObject","inLanguage":"en-US","@id":"https://www.menimepriestor.sk/en/#/schema/logo/image/","url":"https://www.menimepriestor.sk/wp-content/uploads/2019/06/logo.png","contentUrl":"https://www.menimepriestor.sk/wp-content/uploads/2019/06/logo.png","width":572,"height":172,"caption":"DryCon, s.r.o."},"image":{"@id":"https://www.menimepriestor.sk/en/#/schema/logo/image/"},"sameAs":["https://www.facebook.com/menimepriestor.sk","https://www.instagram.com/menimepriestor/"]}]}</script>
<!-- / Yoast SEO plugin. -->

Meníme priestor na komfortný interiér
