{"id":2685,"date":"2019-07-07T16:36:27","date_gmt":"2019-07-07T14:36:27","guid":{"rendered":"https:\/\/www.menimepriestor.sk\/?page_id=2685"},"modified":"2019-07-07T16:36:28","modified_gmt":"2019-07-07T14:36:28","slug":"exterieurdecken-und-waende","status":"publish","type":"page","link":"https:\/\/www.menimepriestor.sk\/de\/spezielle-decken-und-wande\/exterieurdecken-und-waende\/","title":{"rendered":"Exterieurdecken und -w\u00e4nde"},"content":{"rendered":"\n<p>Exterieurdecken und -w\u00e4nde erfordern eine erh\u00f6hte Widerstandsf\u00e4higkeit, insbesondere gegen Witterungsbedingungen. Dank unserer langj\u00e4hrigen Erfahrung und vielen umgesetzten Projekten sind wir in der Lage, Ihre individuellen Anforderungen an das Exterieur zu planen und umzusetzen.<\/p>\n","protected":false},"excerpt":{"rendered":"<p>Exterieurdecken und -w\u00e4nde erfordern eine erh\u00f6hte Widerstandsf\u00e4higkeit, insbesondere gegen Witterungsbedingungen. Dank unserer langj\u00e4hrigen Erfahrung und vielen umgesetzten Projekten sind wir in der Lage, Ihre individuellen Anforderungen an das Exterieur zu planen und umzusetzen.<\/p>\n","protected":false},"author":2,"featured_media":2513,"parent":1513,"menu_order":0,"comment_status":"closed","ping_status":"closed","template":"page-blank.php","meta":{"_editorskit_title_hidden":false,"_editorskit_reading_time":0,"_editorskit_is_block_options_detached":false,"_editorskit_block_options_position":"{}","footnotes":""},"class_list":["post-2685","page","type-page","status-publish","has-post-thumbnail","hentry"],"yoast_head":"<!-- This site is optimized with the Yoast SEO plugin v27.4 - https:\/\/yoast.com\/product\/yoast-seo-wordpress\/ -->\n<title>Exterieurdecken und -w\u00e4nde &#8212; DryCon<\/title>\n<meta name=\"robots\" content=\"index, follow, max-snippet:-1, max-image-preview:large, max-video-preview:-1\" \/>\n<link rel=\"canonical\" href=\"https:\/\/www.menimepriestor.sk\/de\/spezielle-decken-und-wande\/exterieurdecken-und-waende\/\" \/>\n<meta property=\"og:locale\" content=\"de_DE\" \/>\n<meta property=\"og:type\" content=\"article\" \/>\n<meta property=\"og:title\" content=\"Exterieurdecken und -w\u00e4nde &#8212; DryCon\" \/>\n<meta property=\"og:description\" content=\"Exterieurdecken und -w\u00e4nde erfordern eine erh\u00f6hte Widerstandsf\u00e4higkeit, insbesondere gegen Witterungsbedingungen. Dank unserer langj\u00e4hrigen Erfahrung und vielen umgesetzten Projekten sind wir in der Lage, Ihre individuellen Anforderungen an das Exterieur zu planen und umzusetzen.\" \/>\n<meta property=\"og:url\" content=\"https:\/\/www.menimepriestor.sk\/de\/spezielle-decken-und-wande\/exterieurdecken-und-waende\/\" \/>\n<meta property=\"og:site_name\" content=\"DryCon\" \/>\n<meta property=\"article:publisher\" content=\"https:\/\/www.facebook.com\/menimepriestor.sk\" \/>\n<meta property=\"article:modified_time\" content=\"2019-07-07T14:36:28+00:00\" \/>\n<meta property=\"og:image\" content=\"https:\/\/www.menimepriestor.sk\/wp-content\/uploads\/2019\/07\/Corvette17.jpg\" \/>\n\t<meta property=\"og:image:width\" content=\"1920\" \/>\n\t<meta property=\"og:image:height\" content=\"1080\" \/>\n\t<meta property=\"og:image:type\" content=\"image\/jpeg\" \/>\n<meta name=\"twitter:card\" content=\"summary_large_image\" \/>\n<script type=\"application\/ld+json\" class=\"yoast-schema-graph\">{\"@context\":\"https:\\\/\\\/schema.org\",\"@graph\":[{\"@type\":\"WebPage\",\"@id\":\"https:\\\/\\\/www.menimepriestor.sk\\\/de\\\/spezielle-decken-und-wande\\\/exterieurdecken-und-waende\\\/\",\"url\":\"https:\\\/\\\/www.menimepriestor.sk\\\/de\\\/spezielle-decken-und-wande\\\/exterieurdecken-und-waende\\\/\",\"name\":\"Exterieurdecken und -w\u00e4nde &#8212; DryCon\",\"isPartOf\":{\"@id\":\"https:\\\/\\\/www.menimepriestor.sk\\\/de\\\/#website\"},\"primaryImageOfPage\":{\"@id\":\"https:\\\/\\\/www.menimepriestor.sk\\\/de\\\/spezielle-decken-und-wande\\\/exterieurdecken-und-waende\\\/#primaryimage\"},\"image\":{\"@id\":\"https:\\\/\\\/www.menimepriestor.sk\\\/de\\\/spezielle-decken-und-wande\\\/exterieurdecken-und-waende\\\/#primaryimage\"},\"thumbnailUrl\":\"https:\\\/\\\/www.menimepriestor.sk\\\/wp-content\\\/uploads\\\/2019\\\/07\\\/Corvette17.jpg\",\"datePublished\":\"2019-07-07T14:36:27+00:00\",\"dateModified\":\"2019-07-07T14:36:28+00:00\",\"breadcrumb\":{\"@id\":\"https:\\\/\\\/www.menimepriestor.sk\\\/de\\\/spezielle-decken-und-wande\\\/exterieurdecken-und-waende\\\/#breadcrumb\"},\"inLanguage\":\"de\",\"potentialAction\":[{\"@type\":\"ReadAction\",\"target\":[\"https:\\\/\\\/www.menimepriestor.sk\\\/de\\\/spezielle-decken-und-wande\\\/exterieurdecken-und-waende\\\/\"]}]},{\"@type\":\"ImageObject\",\"inLanguage\":\"de\",\"@id\":\"https:\\\/\\\/www.menimepriestor.sk\\\/de\\\/spezielle-decken-und-wande\\\/exterieurdecken-und-waende\\\/#primaryimage\",\"url\":\"https:\\\/\\\/www.menimepriestor.sk\\\/wp-content\\\/uploads\\\/2019\\\/07\\\/Corvette17.jpg\",\"contentUrl\":\"https:\\\/\\\/www.menimepriestor.sk\\\/wp-content\\\/uploads\\\/2019\\\/07\\\/Corvette17.jpg\",\"width\":1600,\"height\":900},{\"@type\":\"BreadcrumbList\",\"@id\":\"https:\\\/\\\/www.menimepriestor.sk\\\/de\\\/spezielle-decken-und-wande\\\/exterieurdecken-und-waende\\\/#breadcrumb\",\"itemListElement\":[{\"@type\":\"ListItem\",\"position\":1,\"name\":\"Home\",\"item\":\"https:\\\/\\\/www.menimepriestor.sk\\\/de\\\/\"},{\"@type\":\"ListItem\",\"position\":2,\"name\":\"Spezielle Decken und W\u00e4nde\",\"item\":\"https:\\\/\\\/www.menimepriestor.sk\\\/de\\\/spezielle-decken-und-wande\\\/\"},{\"@type\":\"ListItem\",\"position\":3,\"name\":\"Exterieurdecken und -w\u00e4nde\"}]},{\"@type\":\"WebSite\",\"@id\":\"https:\\\/\\\/www.menimepriestor.sk\\\/de\\\/#website\",\"url\":\"https:\\\/\\\/www.menimepriestor.sk\\\/de\\\/\",\"name\":\"DryCon\",\"description\":\"Men\u00edme priestor na komfortn\u00fd interi\u00e9r\",\"publisher\":{\"@id\":\"https:\\\/\\\/www.menimepriestor.sk\\\/de\\\/#organization\"},\"potentialAction\":[{\"@type\":\"SearchAction\",\"target\":{\"@type\":\"EntryPoint\",\"urlTemplate\":\"https:\\\/\\\/www.menimepriestor.sk\\\/de\\\/?s={search_term_string}\"},\"query-input\":{\"@type\":\"PropertyValueSpecification\",\"valueRequired\":true,\"valueName\":\"search_term_string\"}}],\"inLanguage\":\"de\"},{\"@type\":\"Organization\",\"@id\":\"https:\\\/\\\/www.menimepriestor.sk\\\/de\\\/#organization\",\"name\":\"DryCon, s.r.o.\",\"url\":\"https:\\\/\\\/www.menimepriestor.sk\\\/de\\\/\",\"logo\":{\"@type\":\"ImageObject\",\"inLanguage\":\"de\",\"@id\":\"https:\\\/\\\/www.menimepriestor.sk\\\/de\\\/#\\\/schema\\\/logo\\\/image\\\/\",\"url\":\"https:\\\/\\\/www.menimepriestor.sk\\\/wp-content\\\/uploads\\\/2019\\\/06\\\/logo.png\",\"contentUrl\":\"https:\\\/\\\/www.menimepriestor.sk\\\/wp-content\\\/uploads\\\/2019\\\/06\\\/logo.png\",\"width\":572,\"height\":172,\"caption\":\"DryCon, s.r.o.\"},\"image\":{\"@id\":\"https:\\\/\\\/www.menimepriestor.sk\\\/de\\\/#\\\/schema\\\/logo\\\/image\\\/\"},\"sameAs\":[\"https:\\\/\\\/www.facebook.com\\\/menimepriestor.sk\",\"https:\\\/\\\/www.instagram.com\\\/menimepriestor\\\/\"]}]}<\/script>\n<!-- \/ Yoast SEO plugin. -->","yoast_head_json":{"title":"Exterieurdecken und -w\u00e4nde &#8212; DryCon","robots":{"index":"index","follow":"follow","max-snippet":"max-snippet:-1","max-image-preview":"max-image-preview:large","max-video-preview":"max-video-preview:-1"},"canonical":"https:\/\/www.menimepriestor.sk\/de\/spezielle-decken-und-wande\/exterieurdecken-und-waende\/","og_locale":"de_DE","og_type":"article","og_title":"Exterieurdecken und -w\u00e4nde &#8212; DryCon","og_description":"Exterieurdecken und -w\u00e4nde erfordern eine erh\u00f6hte Widerstandsf\u00e4higkeit, insbesondere gegen Witterungsbedingungen. Dank unserer langj\u00e4hrigen Erfahrung und vielen umgesetzten Projekten sind wir in der Lage, Ihre individuellen Anforderungen an das Exterieur zu planen und umzusetzen.","og_url":"https:\/\/www.menimepriestor.sk\/de\/spezielle-decken-und-wande\/exterieurdecken-und-waende\/","og_site_name":"DryCon","article_publisher":"https:\/\/www.facebook.com\/menimepriestor.sk","article_modified_time":"2019-07-07T14:36:28+00:00","og_image":[{"width":1920,"height":1080,"url":"https:\/\/www.menimepriestor.sk\/wp-content\/uploads\/2019\/07\/Corvette17.jpg","type":"image\/jpeg"}],"twitter_card":"summary_large_image","schema":{"@context":"https:\/\/schema.org","@graph":[{"@type":"WebPage","@id":"https:\/\/www.menimepriestor.sk\/de\/spezielle-decken-und-wande\/exterieurdecken-und-waende\/","url":"https:\/\/www.menimepriestor.sk\/de\/spezielle-decken-und-wande\/exterieurdecken-und-waende\/","name":"Exterieurdecken und -w\u00e4nde &#8212; DryCon","isPartOf":{"@id":"https:\/\/www.menimepriestor.sk\/de\/#website"},"primaryImageOfPage":{"@id":"https:\/\/www.menimepriestor.sk\/de\/spezielle-decken-und-wande\/exterieurdecken-und-waende\/#primaryimage"},"image":{"@id":"https:\/\/www.menimepriestor.sk\/de\/spezielle-decken-und-wande\/exterieurdecken-und-waende\/#primaryimage"},"thumbnailUrl":"https:\/\/www.menimepriestor.sk\/wp-content\/uploads\/2019\/07\/Corvette17.jpg","datePublished":"2019-07-07T14:36:27+00:00","dateModified":"2019-07-07T14:36:28+00:00","breadcrumb":{"@id":"https:\/\/www.menimepriestor.sk\/de\/spezielle-decken-und-wande\/exterieurdecken-und-waende\/#breadcrumb"},"inLanguage":"de","potentialAction":[{"@type":"ReadAction","target":["https:\/\/www.menimepriestor.sk\/de\/spezielle-decken-und-wande\/exterieurdecken-und-waende\/"]}]},{"@type":"ImageObject","inLanguage":"de","@id":"https:\/\/www.menimepriestor.sk\/de\/spezielle-decken-und-wande\/exterieurdecken-und-waende\/#primaryimage","url":"https:\/\/www.menimepriestor.sk\/wp-content\/uploads\/2019\/07\/Corvette17.jpg","contentUrl":"https:\/\/www.menimepriestor.sk\/wp-content\/uploads\/2019\/07\/Corvette17.jpg","width":1600,"height":900},{"@type":"BreadcrumbList","@id":"https:\/\/www.menimepriestor.sk\/de\/spezielle-decken-und-wande\/exterieurdecken-und-waende\/#breadcrumb","itemListElement":[{"@type":"ListItem","position":1,"name":"Home","item":"https:\/\/www.menimepriestor.sk\/de\/"},{"@type":"ListItem","position":2,"name":"Spezielle Decken und W\u00e4nde","item":"https:\/\/www.menimepriestor.sk\/de\/spezielle-decken-und-wande\/"},{"@type":"ListItem","position":3,"name":"Exterieurdecken und -w\u00e4nde"}]},{"@type":"WebSite","@id":"https:\/\/www.menimepriestor.sk\/de\/#website","url":"https:\/\/www.menimepriestor.sk\/de\/","name":"DryCon","description":"Men\u00edme priestor na komfortn\u00fd interi\u00e9r","publisher":{"@id":"https:\/\/www.menimepriestor.sk\/de\/#organization"},"potentialAction":[{"@type":"SearchAction","target":{"@type":"EntryPoint","urlTemplate":"https:\/\/www.menimepriestor.sk\/de\/?s={search_term_string}"},"query-input":{"@type":"PropertyValueSpecification","valueRequired":true,"valueName":"search_term_string"}}],"inLanguage":"de"},{"@type":"Organization","@id":"https:\/\/www.menimepriestor.sk\/de\/#organization","name":"DryCon, s.r.o.","url":"https:\/\/www.menimepriestor.sk\/de\/","logo":{"@type":"ImageObject","inLanguage":"de","@id":"https:\/\/www.menimepriestor.sk\/de\/#\/schema\/logo\/image\/","url":"https:\/\/www.menimepriestor.sk\/wp-content\/uploads\/2019\/06\/logo.png","contentUrl":"https:\/\/www.menimepriestor.sk\/wp-content\/uploads\/2019\/06\/logo.png","width":572,"height":172,"caption":"DryCon, s.r.o."},"image":{"@id":"https:\/\/www.menimepriestor.sk\/de\/#\/schema\/logo\/image\/"},"sameAs":["https:\/\/www.facebook.com\/menimepriestor.sk","https:\/\/www.instagram.com\/menimepriestor\/"]}]}},"wpmagazine_modules_lite_featured_media_urls":{"thumbnail":["https:\/\/www.menimepriestor.sk\/wp-content\/uploads\/2019\/07\/Corvette17-150x150.jpg",150,150,true],"cvmm-medium":["https:\/\/www.menimepriestor.sk\/wp-content\/uploads\/2019\/07\/Corvette17.jpg",300,169,false],"cvmm-medium-plus":["https:\/\/www.menimepriestor.sk\/wp-content\/uploads\/2019\/07\/Corvette17.jpg",305,172,false],"cvmm-portrait":["https:\/\/www.menimepriestor.sk\/wp-content\/uploads\/2019\/07\/Corvette17.jpg",400,225,false],"cvmm-medium-square":["https:\/\/www.menimepriestor.sk\/wp-content\/uploads\/2019\/07\/Corvette17.jpg",600,338,false],"cvmm-large":["https:\/\/www.menimepriestor.sk\/wp-content\/uploads\/2019\/07\/Corvette17.jpg",1024,576,false],"cvmm-small":["https:\/\/www.menimepriestor.sk\/wp-content\/uploads\/2019\/07\/Corvette17.jpg",130,73,false],"full":["https:\/\/www.menimepriestor.sk\/wp-content\/uploads\/2019\/07\/Corvette17.jpg",1600,900,false]},"categories_names":null,"comments_number":"0","_links":{"self":[{"href":"https:\/\/www.menimepriestor.sk\/de\/wp-json\/wp\/v2\/pages\/2685","targetHints":{"allow":["GET"]}}],"collection":[{"href":"https:\/\/www.menimepriestor.sk\/de\/wp-json\/wp\/v2\/pages"}],"about":[{"href":"https:\/\/www.menimepriestor.sk\/de\/wp-json\/wp\/v2\/types\/page"}],"author":[{"embeddable":true,"href":"https:\/\/www.menimepriestor.sk\/de\/wp-json\/wp\/v2\/users\/2"}],"replies":[{"embeddable":true,"href":"https:\/\/www.menimepriestor.sk\/de\/wp-json\/wp\/v2\/comments?post=2685"}],"version-history":[{"count":0,"href":"https:\/\/www.menimepriestor.sk\/de\/wp-json\/wp\/v2\/pages\/2685\/revisions"}],"up":[{"embeddable":true,"href":"https:\/\/www.menimepriestor.sk\/de\/wp-json\/wp\/v2\/pages\/1513"}],"wp:featuredmedia":[{"embeddable":true,"href":"https:\/\/www.menimepriestor.sk\/de\/wp-json\/wp\/v2\/media\/2513"}],"wp:attachment":[{"href":"https:\/\/www.menimepriestor.sk\/de\/wp-json\/wp\/v2\/media?parent=2685"}],"curies":[{"name":"wp","href":"https:\/\/api.w.org\/{rel}","templated":true}]}}

Exterieurdecken und -wände

<p>Exterieurdecken und -wände erfordern eine erhöhte Widerstandsfähigkeit, insbesondere gegen Witterungsbedingungen. Dank unserer langjährigen Erfahrung und vielen umgesetzten Projekten sind wir in der Lage, Ihre individuellen Anforderungen an das Exterieur zu planen und umzusetzen.</p>

<!-- This site is optimized with the Yoast SEO plugin v27.4 - https://yoast.com/product/yoast-seo-wordpress/ -->
<title>Exterieurdecken und -wände &#8212; DryCon</title>
<meta name="robots" content="index, follow, max-snippet:-1, max-image-preview:large, max-video-preview:-1" />
<link rel="canonical" href="https://www.menimepriestor.sk/de/spezielle-decken-und-wande/exterieurdecken-und-waende/" />
<meta property="og:locale" content="de_DE" />
<meta property="og:type" content="article" />
<meta property="og:title" content="Exterieurdecken und -wände &#8212; DryCon" />
<meta property="og:description" content="Exterieurdecken und -wände erfordern eine erhöhte Widerstandsfähigkeit, insbesondere gegen Witterungsbedingungen. Dank unserer langjährigen Erfahrung und vielen umgesetzten Projekten sind wir in der Lage, Ihre individuellen Anforderungen an das Exterieur zu planen und umzusetzen." />
<meta property="og:url" content="https://www.menimepriestor.sk/de/spezielle-decken-und-wande/exterieurdecken-und-waende/" />
<meta property="og:site_name" content="DryCon" />
<meta property="article:publisher" content="https://www.facebook.com/menimepriestor.sk" />
<meta property="article:modified_time" content="2019-07-07T14:36:28+00:00" />
<meta property="og:image" content="https://www.menimepriestor.sk/wp-content/uploads/2019/07/Corvette17.jpg" />
	<meta property="og:image:width" content="1920" />
	<meta property="og:image:height" content="1080" />
	<meta property="og:image:type" content="image/jpeg" />
<meta name="twitter:card" content="summary_large_image" />
<script type="application/ld+json" class="yoast-schema-graph">{"@context":"https:\/\/schema.org","@graph":[{"@type":"WebPage","@id":"https:\/\/www.menimepriestor.sk\/de\/spezielle-decken-und-wande\/exterieurdecken-und-waende\/","url":"https:\/\/www.menimepriestor.sk\/de\/spezielle-decken-und-wande\/exterieurdecken-und-waende\/","name":"Exterieurdecken und -wände &#8212; DryCon","isPartOf":{"@id":"https:\/\/www.menimepriestor.sk\/de\/#website"},"primaryImageOfPage":{"@id":"https:\/\/www.menimepriestor.sk\/de\/spezielle-decken-und-wande\/exterieurdecken-und-waende\/#primaryimage"},"image":{"@id":"https:\/\/www.menimepriestor.sk\/de\/spezielle-decken-und-wande\/exterieurdecken-und-waende\/#primaryimage"},"thumbnailUrl":"https:\/\/www.menimepriestor.sk\/wp-content\/uploads\/2019\/07\/Corvette17.jpg","datePublished":"2019-07-07T14:36:27+00:00","dateModified":"2019-07-07T14:36:28+00:00","breadcrumb":{"@id":"https:\/\/www.menimepriestor.sk\/de\/spezielle-decken-und-wande\/exterieurdecken-und-waende\/#breadcrumb"},"inLanguage":"de","potentialAction":[{"@type":"ReadAction","target":["https:\/\/www.menimepriestor.sk\/de\/spezielle-decken-und-wande\/exterieurdecken-und-waende\/"]}]},{"@type":"ImageObject","inLanguage":"de","@id":"https:\/\/www.menimepriestor.sk\/de\/spezielle-decken-und-wande\/exterieurdecken-und-waende\/#primaryimage","url":"https:\/\/www.menimepriestor.sk\/wp-content\/uploads\/2019\/07\/Corvette17.jpg","contentUrl":"https:\/\/www.menimepriestor.sk\/wp-content\/uploads\/2019\/07\/Corvette17.jpg","width":1600,"height":900},{"@type":"BreadcrumbList","@id":"https:\/\/www.menimepriestor.sk\/de\/spezielle-decken-und-wande\/exterieurdecken-und-waende\/#breadcrumb","itemListElement":[{"@type":"ListItem","position":1,"name":"Home","item":"https:\/\/www.menimepriestor.sk\/de\/"},{"@type":"ListItem","position":2,"name":"Spezielle Decken und Wände","item":"https:\/\/www.menimepriestor.sk\/de\/spezielle-decken-und-wande\/"},{"@type":"ListItem","position":3,"name":"Exterieurdecken und -wände"}]},{"@type":"WebSite","@id":"https:\/\/www.menimepriestor.sk\/de\/#website","url":"https:\/\/www.menimepriestor.sk\/de\/","name":"DryCon","description":"Meníme priestor na komfortný interiér","publisher":{"@id":"https:\/\/www.menimepriestor.sk\/de\/#organization"},"potentialAction":[{"@type":"SearchAction","target":{"@type":"EntryPoint","urlTemplate":"https:\/\/www.menimepriestor.sk\/de\/?s={search_term_string}"},"query-input":{"@type":"PropertyValueSpecification","valueRequired":true,"valueName":"search_term_string"}}],"inLanguage":"de"},{"@type":"Organization","@id":"https:\/\/www.menimepriestor.sk\/de\/#organization","name":"DryCon, s.r.o.","url":"https:\/\/www.menimepriestor.sk\/de\/","logo":{"@type":"ImageObject","inLanguage":"de","@id":"https:\/\/www.menimepriestor.sk\/de\/#\/schema\/logo\/image\/","url":"https:\/\/www.menimepriestor.sk\/wp-content\/uploads\/2019\/06\/logo.png","contentUrl":"https:\/\/www.menimepriestor.sk\/wp-content\/uploads\/2019\/06\/logo.png","width":572,"height":172,"caption":"DryCon, s.r.o."},"image":{"@id":"https:\/\/www.menimepriestor.sk\/de\/#\/schema\/logo\/image\/"},"sameAs":["https:\/\/www.facebook.com\/menimepriestor.sk","https:\/\/www.instagram.com\/menimepriestor\/"]}]}</script>
<!-- / Yoast SEO plugin. -->

Exterieurdecken und -wände &#8212; DryCon

Exterieurdecken und -wände erfordern eine erhöhte Widerstandsfähigkeit, insbesondere gegen Witterungsbedingungen. Dank unserer langjährigen Erfahrung und vielen umgesetzten Projekten sind wir in der Lage, Ihre individuellen Anforderungen an das Exterieur zu planen und umzusetzen.

Spezielle Decken und Wände

Meníme priestor na komfortný interiér
