{"id":1515,"date":"2019-06-02T22:13:06","date_gmt":"2019-06-02T20:13:06","guid":{"rendered":"https:\/\/www.menimepriestor.sk\/?page_id=1515"},"modified":"2019-07-07T17:15:17","modified_gmt":"2019-07-07T15:15:17","slug":"beleuchtung","status":"publish","type":"page","link":"https:\/\/www.menimepriestor.sk\/de\/beleuchtung\/","title":{"rendered":"Beleuchtung"},"content":{"rendered":"\n<p>Beleben Sie Ihre R\u00e4ume mit atypischer Beleuchtung, Lichtrampen oder indirekter Beleuchtung. Leichte Decken sind moderne, elegante und praktische Einrichtungsgegenst\u00e4nde. Die Fl\u00e4chenbeleuchtung bietet viel Licht im gesamten Innenraum, indirekte Lichtrahmen verwandeln wiederum Intimit\u00e4t in abendliche Gem\u00fctlichkeit.<\/p>\n\n\n\n<!--more-->\n\n\n\n<p>In Kombination mit LED- oder LED-RGB-Leisten bieten sie eine hervorragende Beleuchtung, aber auch interessante Lichteffekte. Durch geeignete Planung entsteht somit eine praktische und Design-attraktive Innenraumerg\u00e4nzung.<\/p>\n","protected":false},"excerpt":{"rendered":"<p>Beleben Sie Ihre R\u00e4ume mit atypischer Beleuchtung, Lichtrampen oder indirekter Beleuchtung. Leichte Decken sind moderne, elegante und praktische Einrichtungsgegenst\u00e4nde. Die Fl\u00e4chenbeleuchtung bietet viel Licht im gesamten Innenraum, indirekte Lichtrahmen verwandeln wiederum Intimit\u00e4t in abendliche Gem\u00fctlichkeit.<\/p>\n","protected":false},"author":1,"featured_media":2398,"parent":0,"menu_order":11,"comment_status":"closed","ping_status":"closed","template":"","meta":{"_editorskit_title_hidden":false,"_editorskit_reading_time":0,"_editorskit_is_block_options_detached":false,"_editorskit_block_options_position":"{}","footnotes":""},"class_list":["post-1515","page","type-page","status-publish","has-post-thumbnail","hentry"],"yoast_head":"<!-- This site is optimized with the Yoast SEO plugin v27.4 - https:\/\/yoast.com\/product\/yoast-seo-wordpress\/ -->\n<title>Beleuchtung &#8212; DryCon<\/title>\n<meta name=\"robots\" content=\"index, follow, max-snippet:-1, max-image-preview:large, max-video-preview:-1\" \/>\n<link rel=\"canonical\" href=\"https:\/\/www.menimepriestor.sk\/de\/beleuchtung\/\" \/>\n<meta property=\"og:locale\" content=\"de_DE\" \/>\n<meta property=\"og:type\" content=\"article\" \/>\n<meta property=\"og:title\" content=\"Beleuchtung &#8212; DryCon\" \/>\n<meta property=\"og:description\" content=\"Beleben Sie Ihre R\u00e4ume mit atypischer Beleuchtung, Lichtrampen oder indirekter Beleuchtung. Leichte Decken sind moderne, elegante und praktische Einrichtungsgegenst\u00e4nde. Die Fl\u00e4chenbeleuchtung bietet viel Licht im gesamten Innenraum, indirekte Lichtrahmen verwandeln wiederum Intimit\u00e4t in abendliche Gem\u00fctlichkeit.\" \/>\n<meta property=\"og:url\" content=\"https:\/\/www.menimepriestor.sk\/de\/beleuchtung\/\" \/>\n<meta property=\"og:site_name\" content=\"DryCon\" \/>\n<meta property=\"article:publisher\" content=\"https:\/\/www.facebook.com\/menimepriestor.sk\" \/>\n<meta property=\"article:modified_time\" content=\"2019-07-07T15:15:17+00:00\" \/>\n<meta property=\"og:image\" content=\"https:\/\/www.menimepriestor.sk\/wp-content\/uploads\/2019\/07\/P5MP5545a.jpg\" \/>\n\t<meta property=\"og:image:width\" content=\"1920\" \/>\n\t<meta property=\"og:image:height\" content=\"900\" \/>\n\t<meta property=\"og:image:type\" content=\"image\/jpeg\" \/>\n<meta name=\"twitter:card\" content=\"summary_large_image\" \/>\n<script type=\"application\/ld+json\" class=\"yoast-schema-graph\">{\"@context\":\"https:\\\/\\\/schema.org\",\"@graph\":[{\"@type\":\"WebPage\",\"@id\":\"https:\\\/\\\/www.menimepriestor.sk\\\/de\\\/beleuchtung\\\/\",\"url\":\"https:\\\/\\\/www.menimepriestor.sk\\\/de\\\/beleuchtung\\\/\",\"name\":\"Beleuchtung &#8212; DryCon\",\"isPartOf\":{\"@id\":\"https:\\\/\\\/www.menimepriestor.sk\\\/de\\\/#website\"},\"primaryImageOfPage\":{\"@id\":\"https:\\\/\\\/www.menimepriestor.sk\\\/de\\\/beleuchtung\\\/#primaryimage\"},\"image\":{\"@id\":\"https:\\\/\\\/www.menimepriestor.sk\\\/de\\\/beleuchtung\\\/#primaryimage\"},\"thumbnailUrl\":\"https:\\\/\\\/www.menimepriestor.sk\\\/wp-content\\\/uploads\\\/2019\\\/07\\\/P5MP5545a.jpg\",\"datePublished\":\"2019-06-02T20:13:06+00:00\",\"dateModified\":\"2019-07-07T15:15:17+00:00\",\"breadcrumb\":{\"@id\":\"https:\\\/\\\/www.menimepriestor.sk\\\/de\\\/beleuchtung\\\/#breadcrumb\"},\"inLanguage\":\"de\",\"potentialAction\":[{\"@type\":\"ReadAction\",\"target\":[\"https:\\\/\\\/www.menimepriestor.sk\\\/de\\\/beleuchtung\\\/\"]}]},{\"@type\":\"ImageObject\",\"inLanguage\":\"de\",\"@id\":\"https:\\\/\\\/www.menimepriestor.sk\\\/de\\\/beleuchtung\\\/#primaryimage\",\"url\":\"https:\\\/\\\/www.menimepriestor.sk\\\/wp-content\\\/uploads\\\/2019\\\/07\\\/P5MP5545a.jpg\",\"contentUrl\":\"https:\\\/\\\/www.menimepriestor.sk\\\/wp-content\\\/uploads\\\/2019\\\/07\\\/P5MP5545a.jpg\",\"width\":1600,\"height\":750},{\"@type\":\"BreadcrumbList\",\"@id\":\"https:\\\/\\\/www.menimepriestor.sk\\\/de\\\/beleuchtung\\\/#breadcrumb\",\"itemListElement\":[{\"@type\":\"ListItem\",\"position\":1,\"name\":\"Home\",\"item\":\"https:\\\/\\\/www.menimepriestor.sk\\\/de\\\/\"},{\"@type\":\"ListItem\",\"position\":2,\"name\":\"Beleuchtung\"}]},{\"@type\":\"WebSite\",\"@id\":\"https:\\\/\\\/www.menimepriestor.sk\\\/de\\\/#website\",\"url\":\"https:\\\/\\\/www.menimepriestor.sk\\\/de\\\/\",\"name\":\"DryCon\",\"description\":\"Men\u00edme priestor na komfortn\u00fd interi\u00e9r\",\"publisher\":{\"@id\":\"https:\\\/\\\/www.menimepriestor.sk\\\/de\\\/#organization\"},\"potentialAction\":[{\"@type\":\"SearchAction\",\"target\":{\"@type\":\"EntryPoint\",\"urlTemplate\":\"https:\\\/\\\/www.menimepriestor.sk\\\/de\\\/?s={search_term_string}\"},\"query-input\":{\"@type\":\"PropertyValueSpecification\",\"valueRequired\":true,\"valueName\":\"search_term_string\"}}],\"inLanguage\":\"de\"},{\"@type\":\"Organization\",\"@id\":\"https:\\\/\\\/www.menimepriestor.sk\\\/de\\\/#organization\",\"name\":\"DryCon, s.r.o.\",\"url\":\"https:\\\/\\\/www.menimepriestor.sk\\\/de\\\/\",\"logo\":{\"@type\":\"ImageObject\",\"inLanguage\":\"de\",\"@id\":\"https:\\\/\\\/www.menimepriestor.sk\\\/de\\\/#\\\/schema\\\/logo\\\/image\\\/\",\"url\":\"https:\\\/\\\/www.menimepriestor.sk\\\/wp-content\\\/uploads\\\/2019\\\/06\\\/logo.png\",\"contentUrl\":\"https:\\\/\\\/www.menimepriestor.sk\\\/wp-content\\\/uploads\\\/2019\\\/06\\\/logo.png\",\"width\":572,\"height\":172,\"caption\":\"DryCon, s.r.o.\"},\"image\":{\"@id\":\"https:\\\/\\\/www.menimepriestor.sk\\\/de\\\/#\\\/schema\\\/logo\\\/image\\\/\"},\"sameAs\":[\"https:\\\/\\\/www.facebook.com\\\/menimepriestor.sk\",\"https:\\\/\\\/www.instagram.com\\\/menimepriestor\\\/\"]}]}<\/script>\n<!-- \/ Yoast SEO plugin. -->","yoast_head_json":{"title":"Beleuchtung &#8212; DryCon","robots":{"index":"index","follow":"follow","max-snippet":"max-snippet:-1","max-image-preview":"max-image-preview:large","max-video-preview":"max-video-preview:-1"},"canonical":"https:\/\/www.menimepriestor.sk\/de\/beleuchtung\/","og_locale":"de_DE","og_type":"article","og_title":"Beleuchtung &#8212; DryCon","og_description":"Beleben Sie Ihre R\u00e4ume mit atypischer Beleuchtung, Lichtrampen oder indirekter Beleuchtung. Leichte Decken sind moderne, elegante und praktische Einrichtungsgegenst\u00e4nde. Die Fl\u00e4chenbeleuchtung bietet viel Licht im gesamten Innenraum, indirekte Lichtrahmen verwandeln wiederum Intimit\u00e4t in abendliche Gem\u00fctlichkeit.","og_url":"https:\/\/www.menimepriestor.sk\/de\/beleuchtung\/","og_site_name":"DryCon","article_publisher":"https:\/\/www.facebook.com\/menimepriestor.sk","article_modified_time":"2019-07-07T15:15:17+00:00","og_image":[{"width":1920,"height":900,"url":"https:\/\/www.menimepriestor.sk\/wp-content\/uploads\/2019\/07\/P5MP5545a.jpg","type":"image\/jpeg"}],"twitter_card":"summary_large_image","schema":{"@context":"https:\/\/schema.org","@graph":[{"@type":"WebPage","@id":"https:\/\/www.menimepriestor.sk\/de\/beleuchtung\/","url":"https:\/\/www.menimepriestor.sk\/de\/beleuchtung\/","name":"Beleuchtung &#8212; DryCon","isPartOf":{"@id":"https:\/\/www.menimepriestor.sk\/de\/#website"},"primaryImageOfPage":{"@id":"https:\/\/www.menimepriestor.sk\/de\/beleuchtung\/#primaryimage"},"image":{"@id":"https:\/\/www.menimepriestor.sk\/de\/beleuchtung\/#primaryimage"},"thumbnailUrl":"https:\/\/www.menimepriestor.sk\/wp-content\/uploads\/2019\/07\/P5MP5545a.jpg","datePublished":"2019-06-02T20:13:06+00:00","dateModified":"2019-07-07T15:15:17+00:00","breadcrumb":{"@id":"https:\/\/www.menimepriestor.sk\/de\/beleuchtung\/#breadcrumb"},"inLanguage":"de","potentialAction":[{"@type":"ReadAction","target":["https:\/\/www.menimepriestor.sk\/de\/beleuchtung\/"]}]},{"@type":"ImageObject","inLanguage":"de","@id":"https:\/\/www.menimepriestor.sk\/de\/beleuchtung\/#primaryimage","url":"https:\/\/www.menimepriestor.sk\/wp-content\/uploads\/2019\/07\/P5MP5545a.jpg","contentUrl":"https:\/\/www.menimepriestor.sk\/wp-content\/uploads\/2019\/07\/P5MP5545a.jpg","width":1600,"height":750},{"@type":"BreadcrumbList","@id":"https:\/\/www.menimepriestor.sk\/de\/beleuchtung\/#breadcrumb","itemListElement":[{"@type":"ListItem","position":1,"name":"Home","item":"https:\/\/www.menimepriestor.sk\/de\/"},{"@type":"ListItem","position":2,"name":"Beleuchtung"}]},{"@type":"WebSite","@id":"https:\/\/www.menimepriestor.sk\/de\/#website","url":"https:\/\/www.menimepriestor.sk\/de\/","name":"DryCon","description":"Men\u00edme priestor na komfortn\u00fd interi\u00e9r","publisher":{"@id":"https:\/\/www.menimepriestor.sk\/de\/#organization"},"potentialAction":[{"@type":"SearchAction","target":{"@type":"EntryPoint","urlTemplate":"https:\/\/www.menimepriestor.sk\/de\/?s={search_term_string}"},"query-input":{"@type":"PropertyValueSpecification","valueRequired":true,"valueName":"search_term_string"}}],"inLanguage":"de"},{"@type":"Organization","@id":"https:\/\/www.menimepriestor.sk\/de\/#organization","name":"DryCon, s.r.o.","url":"https:\/\/www.menimepriestor.sk\/de\/","logo":{"@type":"ImageObject","inLanguage":"de","@id":"https:\/\/www.menimepriestor.sk\/de\/#\/schema\/logo\/image\/","url":"https:\/\/www.menimepriestor.sk\/wp-content\/uploads\/2019\/06\/logo.png","contentUrl":"https:\/\/www.menimepriestor.sk\/wp-content\/uploads\/2019\/06\/logo.png","width":572,"height":172,"caption":"DryCon, s.r.o."},"image":{"@id":"https:\/\/www.menimepriestor.sk\/de\/#\/schema\/logo\/image\/"},"sameAs":["https:\/\/www.facebook.com\/menimepriestor.sk","https:\/\/www.instagram.com\/menimepriestor\/"]}]}},"wpmagazine_modules_lite_featured_media_urls":{"thumbnail":["https:\/\/www.menimepriestor.sk\/wp-content\/uploads\/2019\/07\/P5MP5545a-150x150.jpg",150,150,true],"cvmm-medium":["https:\/\/www.menimepriestor.sk\/wp-content\/uploads\/2019\/07\/P5MP5545a.jpg",300,141,false],"cvmm-medium-plus":["https:\/\/www.menimepriestor.sk\/wp-content\/uploads\/2019\/07\/P5MP5545a.jpg",305,143,false],"cvmm-portrait":["https:\/\/www.menimepriestor.sk\/wp-content\/uploads\/2019\/07\/P5MP5545a.jpg",400,188,false],"cvmm-medium-square":["https:\/\/www.menimepriestor.sk\/wp-content\/uploads\/2019\/07\/P5MP5545a.jpg",600,281,false],"cvmm-large":["https:\/\/www.menimepriestor.sk\/wp-content\/uploads\/2019\/07\/P5MP5545a.jpg",1024,480,false],"cvmm-small":["https:\/\/www.menimepriestor.sk\/wp-content\/uploads\/2019\/07\/P5MP5545a.jpg",130,61,false],"full":["https:\/\/www.menimepriestor.sk\/wp-content\/uploads\/2019\/07\/P5MP5545a.jpg",1600,750,false]},"categories_names":null,"comments_number":"0","_links":{"self":[{"href":"https:\/\/www.menimepriestor.sk\/de\/wp-json\/wp\/v2\/pages\/1515","targetHints":{"allow":["GET"]}}],"collection":[{"href":"https:\/\/www.menimepriestor.sk\/de\/wp-json\/wp\/v2\/pages"}],"about":[{"href":"https:\/\/www.menimepriestor.sk\/de\/wp-json\/wp\/v2\/types\/page"}],"author":[{"embeddable":true,"href":"https:\/\/www.menimepriestor.sk\/de\/wp-json\/wp\/v2\/users\/1"}],"replies":[{"embeddable":true,"href":"https:\/\/www.menimepriestor.sk\/de\/wp-json\/wp\/v2\/comments?post=1515"}],"version-history":[{"count":0,"href":"https:\/\/www.menimepriestor.sk\/de\/wp-json\/wp\/v2\/pages\/1515\/revisions"}],"wp:featuredmedia":[{"embeddable":true,"href":"https:\/\/www.menimepriestor.sk\/de\/wp-json\/wp\/v2\/media\/2398"}],"wp:attachment":[{"href":"https:\/\/www.menimepriestor.sk\/de\/wp-json\/wp\/v2\/media?parent=1515"}],"curies":[{"name":"wp","href":"https:\/\/api.w.org\/{rel}","templated":true}]}}

<p>Beleben Sie Ihre Räume mit atypischer Beleuchtung, Lichtrampen oder indirekter Beleuchtung. Leichte Decken sind moderne, elegante und praktische Einrichtungsgegenstände. Die Flächenbeleuchtung bietet viel Licht im gesamten Innenraum, indirekte Lichtrahmen verwandeln wiederum Intimität in abendliche Gemütlichkeit.</p>



<!--more-->



<p>In Kombination mit LED- oder LED-RGB-Leisten bieten sie eine hervorragende Beleuchtung, aber auch interessante Lichteffekte. Durch geeignete Planung entsteht somit eine praktische und Design-attraktive Innenraumergänzung.</p>

<p>Beleben Sie Ihre Räume mit atypischer Beleuchtung, Lichtrampen oder indirekter Beleuchtung. Leichte Decken sind moderne, elegante und praktische Einrichtungsgegenstände. Die Flächenbeleuchtung bietet viel Licht im gesamten Innenraum, indirekte Lichtrahmen verwandeln wiederum Intimität in abendliche Gemütlichkeit.</p>

<!-- This site is optimized with the Yoast SEO plugin v27.4 - https://yoast.com/product/yoast-seo-wordpress/ -->
<title>Beleuchtung &#8212; DryCon</title>
<meta name="robots" content="index, follow, max-snippet:-1, max-image-preview:large, max-video-preview:-1" />
<link rel="canonical" href="https://www.menimepriestor.sk/de/beleuchtung/" />
<meta property="og:locale" content="de_DE" />
<meta property="og:type" content="article" />
<meta property="og:title" content="Beleuchtung &#8212; DryCon" />
<meta property="og:description" content="Beleben Sie Ihre Räume mit atypischer Beleuchtung, Lichtrampen oder indirekter Beleuchtung. Leichte Decken sind moderne, elegante und praktische Einrichtungsgegenstände. Die Flächenbeleuchtung bietet viel Licht im gesamten Innenraum, indirekte Lichtrahmen verwandeln wiederum Intimität in abendliche Gemütlichkeit." />
<meta property="og:url" content="https://www.menimepriestor.sk/de/beleuchtung/" />
<meta property="og:site_name" content="DryCon" />
<meta property="article:publisher" content="https://www.facebook.com/menimepriestor.sk" />
<meta property="article:modified_time" content="2019-07-07T15:15:17+00:00" />
<meta property="og:image" content="https://www.menimepriestor.sk/wp-content/uploads/2019/07/P5MP5545a.jpg" />
	<meta property="og:image:width" content="1920" />
	<meta property="og:image:height" content="900" />
	<meta property="og:image:type" content="image/jpeg" />
<meta name="twitter:card" content="summary_large_image" />
<script type="application/ld+json" class="yoast-schema-graph">{"@context":"https:\/\/schema.org","@graph":[{"@type":"WebPage","@id":"https:\/\/www.menimepriestor.sk\/de\/beleuchtung\/","url":"https:\/\/www.menimepriestor.sk\/de\/beleuchtung\/","name":"Beleuchtung &#8212; DryCon","isPartOf":{"@id":"https:\/\/www.menimepriestor.sk\/de\/#website"},"primaryImageOfPage":{"@id":"https:\/\/www.menimepriestor.sk\/de\/beleuchtung\/#primaryimage"},"image":{"@id":"https:\/\/www.menimepriestor.sk\/de\/beleuchtung\/#primaryimage"},"thumbnailUrl":"https:\/\/www.menimepriestor.sk\/wp-content\/uploads\/2019\/07\/P5MP5545a.jpg","datePublished":"2019-06-02T20:13:06+00:00","dateModified":"2019-07-07T15:15:17+00:00","breadcrumb":{"@id":"https:\/\/www.menimepriestor.sk\/de\/beleuchtung\/#breadcrumb"},"inLanguage":"de","potentialAction":[{"@type":"ReadAction","target":["https:\/\/www.menimepriestor.sk\/de\/beleuchtung\/"]}]},{"@type":"ImageObject","inLanguage":"de","@id":"https:\/\/www.menimepriestor.sk\/de\/beleuchtung\/#primaryimage","url":"https:\/\/www.menimepriestor.sk\/wp-content\/uploads\/2019\/07\/P5MP5545a.jpg","contentUrl":"https:\/\/www.menimepriestor.sk\/wp-content\/uploads\/2019\/07\/P5MP5545a.jpg","width":1600,"height":750},{"@type":"BreadcrumbList","@id":"https:\/\/www.menimepriestor.sk\/de\/beleuchtung\/#breadcrumb","itemListElement":[{"@type":"ListItem","position":1,"name":"Home","item":"https:\/\/www.menimepriestor.sk\/de\/"},{"@type":"ListItem","position":2,"name":"Beleuchtung"}]},{"@type":"WebSite","@id":"https:\/\/www.menimepriestor.sk\/de\/#website","url":"https:\/\/www.menimepriestor.sk\/de\/","name":"DryCon","description":"Meníme priestor na komfortný interiér","publisher":{"@id":"https:\/\/www.menimepriestor.sk\/de\/#organization"},"potentialAction":[{"@type":"SearchAction","target":{"@type":"EntryPoint","urlTemplate":"https:\/\/www.menimepriestor.sk\/de\/?s={search_term_string}"},"query-input":{"@type":"PropertyValueSpecification","valueRequired":true,"valueName":"search_term_string"}}],"inLanguage":"de"},{"@type":"Organization","@id":"https:\/\/www.menimepriestor.sk\/de\/#organization","name":"DryCon, s.r.o.","url":"https:\/\/www.menimepriestor.sk\/de\/","logo":{"@type":"ImageObject","inLanguage":"de","@id":"https:\/\/www.menimepriestor.sk\/de\/#\/schema\/logo\/image\/","url":"https:\/\/www.menimepriestor.sk\/wp-content\/uploads\/2019\/06\/logo.png","contentUrl":"https:\/\/www.menimepriestor.sk\/wp-content\/uploads\/2019\/06\/logo.png","width":572,"height":172,"caption":"DryCon, s.r.o."},"image":{"@id":"https:\/\/www.menimepriestor.sk\/de\/#\/schema\/logo\/image\/"},"sameAs":["https:\/\/www.facebook.com\/menimepriestor.sk","https:\/\/www.instagram.com\/menimepriestor\/"]}]}</script>
<!-- / Yoast SEO plugin. -->

Beleben Sie Ihre Räume mit atypischer Beleuchtung, Lichtrampen oder indirekter Beleuchtung. Leichte Decken sind moderne, elegante und praktische Einrichtungsgegenstände. Die Flächenbeleuchtung bietet viel Licht im gesamten Innenraum, indirekte Lichtrahmen verwandeln wiederum Intimität in abendliche Gemütlichkeit.

Meníme priestor na komfortný interiér
